ed by 14.
12
What is the remainder when 58 is divided by -6*((-5)/2 + 0)?
13
Suppose -2 = -2*b + 22. What is the remainder when b is divided by (-2 - -1)*(0 - 5)?
2
Suppose k - 8 = -2*x + 2*k, -2*x = 3*k. Suppose 0 = 5*a - 4*a + 1. Let q = 4 - a. What is the remainder when q is divided by x?
2
Let t(x) = 6*x**2 - 2*x - 5. What is the remainder when t(-3) is divided by 20?
15
Let w = 41 - 23. Let h = 5 + -1. Suppose 9*n - h*n = 50. Calculate the remainder when w is divided by n.
8
Let m(c) = -c**3 - 4*c**2 - c - 7. Let z = -63 + 108. What is the remainder when z is divided by m(-5)?
22
Suppose 2*j + 237 = 5*j. Suppose -10 = -5*g + 90. Calculate the remainder when j is divided by g.
19
Suppose -p = 1, 35 = -3*d + 4*d + p. What is the remainder when 104 is divided by d?
32
Calculate the remainder when 3 + -3 + 4 - -26 is divided by 4.
2
Let n be (-6)/((1/1)/(-1)). Suppose -3*f + 26 = -n*h + 2*h, -5*f + 3*h = -36. What is the remainder when (-1)/(66/(-32) + 2) is divided by f?
4
Suppose 5*c + 42 = 112. Let f be (-3 + 3 - -5) + -2. Suppose -73 = -f*y - 5*i, i - 2*i = 5*y - 129. Calculate the remainder when y is divided by c.
12
Let u(c) = 7*c - 9. Let j(x) = -x + 1. Let k(p) = 3*j(p) + u(p). Let y(d) = -12*d + 4. Calculate the remainder when y(-3) is divided by k(5).
12
Suppose i - c - 3 = 0, 3*i - 5*c - 21 + 2 = 0. Let q = i - -69. Suppose 0*w + 2*w - 46 = 0. What is the remainder when q is divided by w?
21
Suppose 0 = 3*s - 0*s - 105. Calculate the remainder when s is divided by 18.
17
Let g(k) = k**3 + 5*k**2 - 8*k + 3. Let s be (-56)/10 - 14/35. What is the remainder when g(s) is divided by 6?
3
Let k be 10*(1/(-2))/(-1). Suppose 2*b + b + 14 = -5*i, 5*b - 30 = k*i. What is the remainder when 5 is divided by b?
1
Let g(b) = 10*b**2 + 3. Calculate the remainder when g(3) is divided by 1160/50 - 4/(-5).
21
Suppose -v - 5 + 1 = -4*j, -5*j - 20 = 5*v. Let t be (-2)/(-5) - 36/(-10). Let y = j + t. What is the remainder when 7 is divided by y?
3
Let t = 251 - 189. Let n = -42 - -63. Calculate the remainder when t is divided by n.
20
Let b(f) = f + 3. Let h(s) = 2*s + 5. Let q(z) = -5*b(z) + 3*h(z). What is the remainder when 13 is divided by q(7)?
6
Suppose -p - 77 = -3*l, -5*l + 105 = -0*l + 3*p. Let a = l - 9. Calculate the remainder when 58 is divided by a.
13
Suppose 2*g + 18 = -k, 4*g + k - 2*k = -36. Let w be -3*(-6)/27*g. Let u = w - -13. Calculate the remainder when u is divided by 4.
3
Let u = -4 - -7. Suppose -u*o = -27 + 6. Let l(q) = -q + 28. What is the remainder when l(15) is divided by o?
6
Suppose -7*o + 5*o + 6 = 0. Suppose -4*h + o*h + 31 = 0. What is the remainder when h is divided by 16?
15
Suppose -4*o + 13 = -7. Suppose -20 = 4*w, -o*t + 1 = 3*w - 4. Calculate the remainder when 19 is divided by t.
3
What is the remainder when 97 is divided by (-1)/(-1) - (9 + -33)?
22
Let r = -34 - -53. Suppose -5*t + 0*f = -5*f - 60, 10 = 2*t + 5*f. Calculate the remainder when r is divided by t.
9
Suppose 5*v + 47 - 182 = 0. What is the remainder when v is divided by 4?
3
Let m be 0/(1 + 0)*-1. Let k = m + 4. Suppose 0 = -5*x - 0*x + 35. Calculate the remainder when x is divided by k.
3
Suppose 5*s = s + 152. Let x = -8 + 13. What is the remainder when s is divided by (x*4)/(18 - 17)?
18
Let q = 38 - 11. What is the remainder when q is divided by (-2)/4 + (-29)/(-2)?
13
Suppose -3 = -5*v - 2*o - 0, 0 = -v - 4*o - 3. Let h be 1 - 1 - (3 - v). Calculate the remainder when 35 is divided by h + 5 + 2 + 13.
17
Let u = 361 + -217. Suppose -2*c + u = 5*s, 3*s + s = -c + 114. What is the remainder when 81 is divided by s?
25
Suppose -16 + 0 = -2*n. Suppose c - 30 = -n. What is the remainder when -1 - -42 - (-3 - -2) is divided by c?
20
Suppose 3*n = 2*n + 11. Calculate the remainder when 19 is divided by n.
8
Let v = 3 - -1. Suppose 0 = 5*l + 5*p + 10, 0 = -v*l - 3*p + 5*p + 10. What is the remainder when 1 is divided by l?
0
Let g(w) = -3*w - 7. Let q be ((-1)/1 + 3)*-3. Let z(t) = -t**2 + 4*t + 64. Calculate the remainder when g(q) is divided by z(10).
3
Let g(x) = -2*x + 5. Suppose -4 = -3*l + 2*l. Calculate the remainder when g(-4) is divided by l.
1
Let k(f) = 70*f + 2. Calculate the remainder when k(1) is divided by 25.
22
Let g(v) = -5*v + v**2 - 3 + 7 + 2*v + v. Calculate the remainder when 23 is divided by g(4).
11
Suppose -2*s = -3*k + 4*k + 3, -4*k + 3 = 3*s. Suppose k*j - 22 = j. What is the remainder when 30 is divided by j?
8
Let y(z) = 2*z**2 - 3*z - 18. Calculate the remainder when y(7) is divided by 30.
29
Suppose 0*c = -2*j - c + 24, -5*c = 3*j - 50. Let o(h) = -5*h**3 + h**2 - h - 1. Calculate the remainder when j is divided by o(-1).
4
Suppose 0 = -4*n + 19 - 147. Let w = -21 - n. Suppose -5*v + 72 = 3*l - 2*v, -3*l - v = -66. Calculate the remainder when l is divided by w.
10
Let y(b) = -4*b - 3. Calculate the remainder when 12 is divided by y(-2).
2
Let s = 19 - 12. Let v(o) = -2*o**3 - 3*o**2 - o - 2. Let d = -3 - -1. Calculate the remainder when s is divided by v(d).
3
Suppose 3 = q - 0*q. Let n(r) = r - 18. Let d(g) = -2*g + 36. Let x(w) = q*d(w) + 5*n(w). Calculate the remainder when 16 is divided by x(9).
7
Let j = 12 + 42. Suppose -3*d = -j - 54. Suppose t + 2*t - 37 = 5*r, -3*t + 69 = 3*r. Calculate the remainder when d is divided by t.
17
Suppose 8*h = 3*h + 165. Calculate the remainder when h is divided by 12.
9
Let w = 8 - 5. Suppose w*m = 5*a + 171, 4*m - 3*a - a = 236. Suppose 5*v = -0*f + 5*f + 125, 4*v - 96 = 3*f. What is the remainder when m is divided by v?
20
Let i = 7 + 1. Calculate the remainder when 2/1 - (-18 - 1) is divided by i.
5
Let b(h) = 50*h**2 + h. Calculate the remainder when b(-1) is divided by 26.
23
Let s(z) = -z**3 + 6*z**2 + 7*z + 4. What is the remainder when 13 is divided by s(7)?
1
Let i(h) = -h**3 - h**2 - h + 15. Let v = -2 - -2. Suppose v = t - 0*t. What is the remainder when 43 is divided by i(t)?
13
Let v be 2/(-9) - 263/(-9). Let y(l) = l + 10. Let f be y(-8). Suppose 5*k + v = 2*o, 5*o - f*k = 2*k + 30. What is the remainder when o is divided by 1?
0
Let n = 72 - 36. Suppose n = 3*u + u. Let j = 4 - -1. What is the remainder when u is divided by j?
4
Let w(l) = 2*l**2 - 4*l - 4. Let c be w(-5). Calculate the remainder when 2/(-1 - (-69)/c) is divided by 15.
14
Suppose -21*u - 12 = -25*u. Calculate the remainder when 29 is divided by u.
2
Let a(h) = -h**3 + 7*h**2 + 9*h - 3. Let c be a(8). Suppose 4*n = 4*i + 16, 0*n - c*n - 3*i = -52. Calculate the remainder when 23 is divided by n.
7
Suppose -66 = -4*x + 94. What is the remainder when x is divided by 21?
19
Let p = 1 + 4. Suppose p*l = -a + 392, -a = l - 53 - 23. Let m = l - 56. What is the remainder when m is divided by 12?
11
Suppose 0 = 18*l - 14*l - 404. Calculate the remainder when l is divided by 13.
10
Suppose 5*t - 3*b - 25 = 0, -4*t - b + 3 = -0*t. Suppose -x + s - 3 = -5, x + t*s = 17. What is the remainder when (76/6)/((-4)/(-6)) is divided by x?
5
Let g = -95 - -159. Calculate the remainder when g is divided by 22.
20
Suppose w - 25 = -20. What is the remainder when 13 is divided by w?
3
Let n = 1 - -1. Let c be 2/(0 - 3/(-6)). What is the remainder when 1/4 + 19/c is divided by n?
1
Let j be (1 - (-57)/2)*2. Let v = -17 - -37. What is the remainder when j + 0*4/(-8) is divided by v?
19
Let v(t) = 33*t**2 - 2*t + 1. What is the remainder when v(1) is divided by 7?
4
Let d = 13 - 4. Suppose -u = -3*a + 23, -2*u = -a - 3*u + d. What is the remainder when a is divided by 3?
2
Suppose 2*b + 10 = -4*w + 84, 2*b - 5*w - 56 = 0. Calculate the remainder when (-2 + 2 - b)*-1 is divided by 17.
16
Let h = 57 - 37. What is the remainder when 77 is divided by h?
17
Suppose 5*x - 29 = -2*a + a, 5*x + 3*a - 27 = 0. Let s(h) = h**2 + 2*h. What is the remainder when s(3) is divided by x?
3
Suppose -5*v = -3*s + 88, -2*s - 3*s = v - 128. What is the remainder when s is divided by 9?
8
Let y = 11 + -5. Calculate the remainder when 2 is divided by y/4*8/6.
0
Suppose 5*c + 3*s - 8 = -1, -5*s = c + 3. Suppose 0 = 3*d - 3*z - 30, 0 = 2*d + c*z + z. What is the remainder when 8 is divided by d?
2
Suppose 3*z - 20 = 91. Calculate the remainder when z is divided by 19.
18
Let w(b) = b**3 + 4*b**2 - b - 2. What is the remainder when 37 is divi